-4)/(-14)*-3. Let u be p(r). Suppose 5 = 2*h + u. What is g(h)?
19
Let q(d) be the second derivative of 1/60*d**5 + 0*d**3 + 0*d**2 + 1/180*d**6 + 3/4*d**4 + 24*d + 0. Let f(v) be the third derivative of q(v). What is f(-4)?
-14
Suppose -5*x - 4*s + 2720 = 0, 3*x - 5*s - 1975 = -306. Let b(u) = -1 - x*u - 12*u**3 + u**2 + 546*u - u**2. Determine b(-1).
13
Let u(r) = -r + 2. Suppose 5*i = 3*g + 26, 2*g - 3*i = -5 - 12. Calculate u(g).
9
Let k(o) = -2*o - o**2 + 6 + 0*o - 6. Let n be (2/(-6))/((-41)/(-369)). Give k(n).
-3
Let z(r) = r**3 + 2*r**2 - 12*r + 12. Let g = -14993 - -14988. Give z(g).
-3
Let m(c) = c**2 - 6*c. Let o be ((-12)/(-3))/(-4)*-7. Suppose 7 = -2*f + o. Suppose f*t = -5*t + 30. What is m(t)?
0
Let u(t) be the first derivative of t**3/3 + t**2/2 + 2*t - 2. Suppose -2*i - 9 + 41 = 0. Suppose -3*c + 6 - i = 2*z, 4*c - 3*z = 15. Calculate u(c).
2
Let m = 12797 + -12795. Let t(o) = o**3 - o**2 + 3*o + 1. Let z(q) = -q. Let w(j) = -t(j) - 5*z(j). Determine w(m).
-1
Let l = 5 - 27. Let t(v) be the third derivative of v**5/60 + 11*v**4/12 - 5*v**3/6 + 2*v**2 - 116*v + 9. Determine t(l).
-5
Let v(d) = -d**2 + 16*d - 50. Let t be (12/(-15) - (-430)/350) + (-1140)/(-84). Calculate v(t).
-22
Let x(b) = -3*b - 2 - 4 + 2. Let l be (-2)/8 + 20646/(-72). Let g = l + 284. What is x(g)?
5
Let o(h) = 7*h + 86. Let t(b) = -3*b - 38. Let z(f) = 2*o(f) + 5*t(f). Let k(u) = -13 - 2*u - 15 + 0*u + 2. Let y be k(-8). What is z(y)?
-8
Suppose -8 = 2*c, -3*z + 7*z - 12 = -c. Suppose -6*n = 28 - z. Let p(i) = i**3 + 3*i**2 - 4*i + 4. Give p(n).
4
Suppose -8 = -3*d + 4, -4*g = d - 44. Let j be (1 - 2)/(3 - (14 - g)). Let u(l) = -8*l**2 - 1. Calculate u(j).
-9
Let l(d) = -913568*d - d**2 + 16 + 1827137*d - 913572*d. Give l(8).
-72
Let f(k) = 21*k**2 - 4*k + 3. Let l(r) = -37*r**2 + 6*r - 5. Let i(p) = 7*f(p) + 4*l(p). Let x be 28/(-7)*(-7)/4. Let q = x - 11. Determine i(q).
1
Let c(p) be the second derivative of 5*p**3/6 + 45*p**2/2 - 9*p - 20. Determine c(-9).
0
Let w(i) = -3*i**3 - 23*i**2 + 7*i - 18. Let b(f) = -f**3 - 8*f**2 + 2*f - 6. Let q(u) = -7*b(u) + 2*w(u). What is q(-10)?
6
Let q(r) = 5*r + 3. Let x(w) = 4*w**2 + w. Let i be x(-1). Let a be 0/(-2) - 2/i*-3. Suppose -25 + 21 = a*p. Calculate q(p).
-7
Let m(i) = -i**2 + 38*i - 153. Let a be m(5). Let j = -7 - -15. Let k(d) = -a*d**2 - 10*d**2 - 4*d - 2 - j*d**2 + 29*d**2. What is k(-7)?
-23
Suppose -7*a + 13*a + 42 = 0. Suppose 12 + 48 = 4*i. Let d(s) = 26 + s**2 + 8*s - 10 - i. Give d(a).
-6
Let b(a) = 25*a**2 - 114 + 4*a + 44114*a**3 - 44115*a**3 + 0*a**2. What is b(25)?
-14
Let w(m) be the third derivative of -m**5/60 + 5*m**4/12 + m**3/2 - m**2 - 24*m - 3. Determine w(10).
3
Let w be 1/9 - 539/(-9). Suppose 0 = -w*r + 75*r + 15. Let k(a) = -6*a - 1. Give k(r).
5
Let l(u) = -4*u**2 + 27*u + 46. Let j be l(8). Let q(z) = z - 8. Let i(s) = 0 + 0 - 3 + 2. Let x(n) = 4*i(n) - q(n). Calculate x(j).
-2
Let p(u) = 2*u**2 + 20*u + 23. Suppose -4*i + 31*i + 108 = -135. Give p(i).
5
Suppose -4 + 19 = 15*p. Let s(g) = -19*g + 4*g - g**3 + 4*g + 12*g + p - g**2 + 0*g**2. Determine s(-1).
0
Let i be (105/126)/(1/(-6)). Let x(y) = -y - 307*y**2 - 4*y - 1 + 306*y**2. What is x(i)?
-1
Let b(u) = u**2 + 2*u - 79. Let o be -11 + ((-12)/8 - 5/(-2)). What is b(o)?
1
Let y(p) = -10*p**3 + p**2 - 3*p + 1. Let s(j) = 89*j**3 - 14*j**2 + 44*j - 27. Let x(o) = -s(o) - 9*y(o). Determine x(-8).
-38
Let k(y) = 3*y - 2208*y**2 + 8 + 0*y + 2209*y**2. What is k(7)?
78
Suppose 11*r - 7*r = -80. Let i = 48 + r. Let f(y) = -28 + i - 12*y. What is f(1)?
-12
Let q(t) = -5*t**3 - 14*t**2 - 9*t - 16. Let h(n) = 3*n**3 + 7*n**2 + 4*n + 8. Let x(j) = 7*h(j) + 4*q(j). Let g = -905 + 913. Determine x(g).
-8
Let g(h) = -4*h**3 + 3*h. Let d(o) be the first derivative of -7*o**4/4 + o**3/3 + 5*o**2/2 + 1. Let c = 893 - 888. Let u(k) = c*g(k) - 3*d(k). Calculate u(4).
16
Suppose 0 = 2*w + 1 - 9. Suppose 2*g - 4 = 3*g, w*r = -3*g + 12. Suppose 3*u - r*u - 15 = -5*v, 0 = 2*u - 5*v + 15. Let z(n) = n**3 + n + 3. Give z(u).
3
Let y(t) be the first derivative of -t**2 - 33. Let q(r) = 11 - 3 - 3*r + 8 + 0. Let z be q(6). What is y(z)?
4
Let m = 107 + -140. Let l(z) = -z**3 - 32*z**2 + 31*z - 74. Let r be l(m). Let u(j) = j**3 + 7*j**2 - 11*j - 4. Calculate u(r).
20
Let c(h) = 1567 + 2*h - 3329 + 1706. What is c(15)?
-26
Let a(u) = 0 - 9 - 9 + 3 - u. Let f(m) = -m**3 + 13*m**2 - 15*m + 44. Let c be f(12). Determine a(c).
-23
Let h(q) be the first derivative of 200 + 2*q**2 - 1/3*q**3 - 3*q. Let y = 16 + -11. Give h(y).
-8
Let s(h) = h**2 + 8*h + 2. Let i(m) = 8*m**2 + 53*m + 10. Let t(x) = -i(x) + 6*s(x). Give t(-5).
-23
Let z(g) = -g**2 + 6*g - 1. Let q(l) be the third derivative of l**6/120 + 2*l**5/15 - 13*l**4/24 - 31*l**3/6 + 2*l**2 - 6. Let f be q(-9). What is z(f)?
4
Let m(t) = -t**2 + 11*t - 5. Let f = -288 - -288. Suppose 22*c - 25*c + 27 = f. Determine m(c).
13
Let v(q) = -121 + 1688*q**2 + 2*q - 841*q**2 - 846*q**2. Give v(-12).
-1
Let y(h) be the second derivative of h**3/3 + 4*h**2 - 2*h. Let b(o) = -o - 6. Let t be b(-6). Suppose t = 8*a + 72 - 16. What is y(a)?
-6
Let o(z) = 5*z**2 - 7*z - 2. Let l(u) = 12*u**2 - 15*u - 6. Let f(v) = -2*l(v) + 5*o(v). Calculate f(10).
52
Let w(d) = 42. Let o(x) = -x - 91. Let t(y) = o(y) + 2*w(y). Let c(f) = f**3 - f - 5. Let v be c(0). Calculate t(v).
-2
Suppose -141*l + 265 = 220*l - 96*l. Let y(p) = -102*p**2 - 3*p + 4. Calculate y(l).
-101
Let l be (1 - 2)/((-2)/(-16)). Let h(f) = -453*f + 17. Let i(g) = 259*g - 9. Let p(t) = 4*h(t) + 7*i(t). Determine p(l).
-3
Let k(y) = -y**2 - 10*y - 8. Let s = -57 + 57. Let o be 1 + s + -2 - 100/20. Give k(o).
16
Let j(b) = 5*b + 11. Let y(u) = 2*u + 4. Let h(g) = -j(g) + 5*y(g). Calculate h(2).
19
Let f = 46 + -46. Suppose 8*s - 7 - 81 = f. Let m(t) = -t**2 - t**3 + s*t**2 - 9*t**2 + t. Calculate m(-1).
1
Suppose -s - 15 = -4*a, -2*a + 351 - 346 = -s. Let r(j) = -4*j + 3*j - 7 + 4*j + j. What is r(a)?
13
Let i(y) = -443*y - 929. Let w(x) = -72*x - 155. Let a(r) = -6*i(r) + 37*w(r). Give a(-25).
-11
Suppose 24 + 26 = 5*m. Let d(q) = 20. Let w(b) = -b + 94. Let g(s) = -14*d(s) + 3*w(s). Calculate g(m).
-28
Let z(o) = -o**3 - 8*o**2 - 15*o + 2. Let p be z(-5). Suppose 14 = -b - 0*b + 2*s, -25 = p*b - 3*s. Let d(m) = m**2 + 7*m + 8. Determine d(b).
16
Let m = -410 - -2247. Let z(a) = m*a + 1 + 1836*a + a**3 - 3677*a + 4*a**2. Calculate z(-5).
-4
Suppose -113*s = 29*s - 19*s + 738. Let p(j) = 2*j**2 - 5*j + 4. Determine p(s).
106
Let u(o) = -o**3 - 3*o**2 + 13*o - 13. Let d(m) = 2*m**3 + 6*m**2 - 28*m + 28. Let s(j) = 4*d(j) + 9*u(j). Determine s(-4).
-9
Let p(n) = 2*n**3 + 4*n + 3. Let q(t) = -t**3 - 46*t**2 - t - 49. Let y be q(-46). Let i be (y/(-3))/(-1*(-7)/(-14)). What is p(i)?
-21
Let b(d) = -7*d + 4. Let r(f) be the third derivative of f**4/4 - 5*f**3/6 - 40*f**2. Let u(c) = -4*b(c) - 5*r(c). Calculate u(8).
-7
Let z(p) = -2*p + 8. Suppose 15 = -4*w + 39. Let k(r) = -4*r + 26. Let a be k(w). Suppose 0 = a*s - 5*t - 32, -2*t + 13 = 3*s + 3. What is z(s)?
-4
Let j(x) = -x + 235 - 82 + 2*x - 77 + 5*x**2 - 77. Let t = -19 - -20. Give j(t).
5
Let x(j) be the second derivative of -j**5/5 + j**4/12 - 62*j + 10. Give x(1).
-3
Let k(c) = c**3 + 25*c**2 + c + 18. Let y be k(-25). Let u(r) be the first derivative of 5/2*r**2 - 10*r + 8 + 1/3*r**3. Give u(y).
4
Let j(s) = -707*s**2 - 821*s**2 + s**3 + 1524*s**2. Determine j(4).
0
Let m(p) = 2*p**2 - p + 7. Let v(s) = s**3 - 27*s**2 + 12*s - 43. Let i(t) = -9*m(t) - v(t). Give i(6).
70
Let n be 452/339*(-2)/(-40). Let r(h) be the third derivative of -n*h**5 - 15*h**2 - 1/6*h**3 + 0*h - 1/8*h**4 + 0. What is r(-2)?
-11
Let g = 675 + -691. Let w(r) = 40*r - 100. Let n(o) = 8*o - 19. Let a(f) = g*n(f) + 3*w(f). What is a(2)?
-12
Suppose -i + 3*c = 17, -5*i - 43 = -2*i - 8*c. Let m(d) = 8*d - 38. Calculate m(i).
18
Let b(h) be the third derivative of 1/6*h**3 + 1/60*h**5 - 1/12*h**4 + 0 + 38*h**2 + 0*h. Determine b(1).
0
Let v(d) be the third derivative of d**6/120 - d**5/5 - 5*d**4/12 + d**3/6 - 5*d**2 - 294*d - 2. Calculate v(13).
40
Let c(u) = -u**3 - 4*u**2 + 18*u + 36. Let t be c(-6). Let g(x) be the first derivative of 1/3*x**3 - 1 - 15*x + 1/2*x**2. What is g(t)?
-15
Let w = -55 - -90. Suppose 6*g - w = 7.